{"id":10274,"date":"2024-10-22T08:13:05","date_gmt":"2024-10-22T08:13:05","guid":{"rendered":"https:\/\/mpmradio.com\/?page_id=10274"},"modified":"2024-10-29T02:13:28","modified_gmt":"2024-10-29T06:13:28","slug":"about-us","status":"publish","type":"page","link":"https:\/\/mpmradio.com\/fr\/about-us\/","title":{"rendered":"\u00c0 propos de nous"},"content":{"rendered":"<div data-elementor-type=\"wp-page\" data-elementor-id=\"10274\" class=\"elementor elementor-10274\" data-elementor-post-type=\"page\">\n\t\t\t\t<div class=\"elementor-element elementor-element-f0aa79e e-flex e-con-boxed e-con e-parent\" data-id=\"f0aa79e\" data-element_type=\"container\" data-e-type=\"container\">\n\t\t\t\t\t<div class=\"e-con-inner\">\n\t\t\t\t<div class=\"elementor-element elementor-element-eecfa4f elementor-widget elementor-widget-text-editor\" data-id=\"eecfa4f\" data-element_type=\"widget\" data-e-type=\"widget\" data-widget_type=\"text-editor.default\">\n\t\t\t\t<div class=\"elementor-widget-container\">\n\t\t\t\t\t\t\t\t\t<p>Musique Promo M\u00e9dias est Multiculturelle, la plate-forme o\u00f9 les marginalis\u00e9s, les voix, les autres points de vue et partag\u00e9e des valeurs progressistes, sont mises au premier plan par le biais de la musique et de la culture. nous essayons o\u00f9 l&#039;on peut donner de la voix progressif des artistes et des personnalit\u00e9s culturelles qui lutte contre les in\u00e9galit\u00e9s sous toutes ses formes.<\/p>\t\t\t\t\t\t\t\t<\/div>\n\t\t\t\t<\/div>\n\t\t\t\t<div class=\"elementor-element elementor-element-b4a2447 elementor-widget elementor-widget-text-editor\" data-id=\"b4a2447\" data-element_type=\"widget\" data-e-type=\"widget\" data-widget_type=\"text-editor.default\">\n\t\t\t\t<div class=\"elementor-widget-container\">\n\t\t\t\t\t\t\t\t\t<p>Nous avons \u00e9t\u00e9 vitrine des sous-cultures et des histoires de partout dans le monde et r\u00e9guli\u00e8rement diffus\u00e9e \u00e0 travers le monde. Nos partenaires, WeTransfer, l&#039;aide de la puissance de la plate-forme, et leur \u00e9nonc\u00e9 de mission est enracin\u00e9 dans la m\u00eame ambition que les n\u00f4tres, afin d&#039;explorer et de relier l&#039;\u00e9volution de la diversit\u00e9 mondiale de la cr\u00e9ativit\u00e9. Notre ensemble de l&#039;organisation comprend Brownswood Recordings et de l&#039;Avenir Bubblers, et nos valeurs communes de respect, de tol\u00e9rance et d&#039;int\u00e9gration sont d\u00e9taill\u00e9es ci-dessous. Musique Promo Media prend en charge la Musique Noire de la Coalition et leur liste de revendications\/points d&#039;action et ont \u00e9galement sign\u00e9 l&#039;progressive de l&#039;\u00c9galit\u00e9 Dans l&#039;Audio pacte.<\/p>\t\t\t\t\t\t\t\t<\/div>\n\t\t\t\t<\/div>\n\t\t\t\t<div class=\"elementor-element elementor-element-f1669ec elementor-widget elementor-widget-text-editor\" data-id=\"f1669ec\" data-element_type=\"widget\" data-e-type=\"widget\" data-widget_type=\"text-editor.default\">\n\t\t\t\t<div class=\"elementor-widget-container\">\n\t\t\t\t\t\t\t\t\t<p><strong>Ce Que Nous Croyons<\/strong><\/p>\t\t\t\t\t\t\t\t<\/div>\n\t\t\t\t<\/div>\n\t\t\t\t<div class=\"elementor-element elementor-element-dfbd304 elementor-widget elementor-widget-text-editor\" data-id=\"dfbd304\" data-element_type=\"widget\" data-e-type=\"widget\" data-widget_type=\"text-editor.default\">\n\t\t\t\t<div class=\"elementor-widget-container\">\n\t\t\t\t\t\t\t\t\t<p>Musique Promo M\u00e9dias se sont engag\u00e9s \u00e0 jouer un r\u00f4le en aidant \u00e0 cr\u00e9er un monde plus juste et plus \u00e9galitaire de la soci\u00e9t\u00e9. Nous voulons un monde sans discrimination d&#039;aucune sorte et o\u00f9 chaque personne est en mesure d&#039;atteindre leur plein potentiel. Nous croyons que nous avons un r\u00f4le \u00e0 jouer dans ce processus et nous sommes engag\u00e9s \u00e0 le faire. Nous nous engageons \u00e9galement \u00e0 la cr\u00e9ation d&#039;un environnement de travail o\u00f9 notre personnel et les animateurs se sentent \u00e0 l&#039;aise, sont pris en charge et ont permis d&#039;am\u00e9liorer et de d\u00e9velopper leurs comp\u00e9tences.<\/p>\t\t\t\t\t\t\t\t<\/div>\n\t\t\t\t<\/div>\n\t\t\t\t<div class=\"elementor-element elementor-element-8170f38 elementor-widget elementor-widget-text-editor\" data-id=\"8170f38\" data-element_type=\"widget\" data-e-type=\"widget\" data-widget_type=\"text-editor.default\">\n\t\t\t\t<div class=\"elementor-widget-container\">\n\t\t\t\t\t\t\t\t\t<p>Nous avons besoin d&#039;\u00eatre compris de nos perspectives et nos pratiques, et de faire appel \u00e0 une main-d&#039;\u0153uvre diversifi\u00e9e. Nous ferons tout ce que nous pouvons faire en sorte que notre travail, et les gens qui le font sont parfaitement repr\u00e9sentatifs de la richesse, de la profondeur et de la diversit\u00e9 de la musique dans lequel nous \u00e9voluons. Nous nous consid\u00e9rons comme les d\u00e9positaires d&#039;un patrimoine culturel riche, que nous avons beaucoup de valeur et de respect, et vous voulez mettre en lumi\u00e8re pour le monde.<\/p>\t\t\t\t\t\t\t\t<\/div>\n\t\t\t\t<\/div>\n\t\t\t\t<div class=\"elementor-element elementor-element-5cd6e46 elementor-widget elementor-widget-text-editor\" data-id=\"5cd6e46\" data-element_type=\"widget\" data-e-type=\"widget\" data-widget_type=\"text-editor.default\">\n\t\t\t\t<div class=\"elementor-widget-container\">\n\t\t\t\t\t\t\t\t\t<p>Nous croyons que l&#039;industrie de la musique dans lequel nous \u00e9voluons a un probl\u00e8me avec l&#039;inclusion. Nous voulons travailler de concert avec d&#039;autres organisations afin d&#039;am\u00e9liorer cette situation et offrir plus de possibilit\u00e9s \u00e0 un groupe plus large de personnes.<\/p>\t\t\t\t\t\t\t\t<\/div>\n\t\t\t\t<\/div>\n\t\t\t\t<div class=\"elementor-element elementor-element-9456c94 elementor-widget elementor-widget-text-editor\" data-id=\"9456c94\" data-element_type=\"widget\" data-e-type=\"widget\" data-widget_type=\"text-editor.default\">\n\t\t\t\t<div class=\"elementor-widget-container\">\n\t\t\t\t\t\t\t\t\t<p>Nous croyons dans l&#039;\u00e9valuation de nos progr\u00e8s et d&#039;\u00eatre transparent sur le travail que nous avons \u00e0 faire.<\/p>\t\t\t\t\t\t\t\t<\/div>\n\t\t\t\t<\/div>\n\t\t\t\t\t<\/div>\n\t\t\t\t<\/div>\n\t\t\t\t<\/div>","protected":false},"excerpt":{"rendered":"<p>Music Promo Media is a Multicultural platform where marginalised voices, alternative perspectives and shared progressive values are brought to the forefront through music and culture. we try where we can to give voice to progressive artists and cultural figures who fight inequality in all its forms. We have been showcasing ...<\/p>","protected":false},"author":1,"featured_media":0,"parent":0,"menu_order":0,"comment_status":"closed","ping_status":"closed","template":"","meta":{"om_disable_all_campaigns":false,"_monsterinsights_skip_tracking":false,"_monsterinsights_sitenote_active":false,"_monsterinsights_sitenote_note":"","_monsterinsights_sitenote_category":0,"footnotes":""},"class_list":["post-10274","page","type-page","status-publish","hentry"],"aioseo_notices":[],"_links":{"self":[{"href":"https:\/\/mpmradio.com\/fr\/wp-json\/wp\/v2\/pages\/10274","targetHints":{"allow":["GET"]}}],"collection":[{"href":"https:\/\/mpmradio.com\/fr\/wp-json\/wp\/v2\/pages"}],"about":[{"href":"https:\/\/mpmradio.com\/fr\/wp-json\/wp\/v2\/types\/page"}],"author":[{"embeddable":true,"href":"https:\/\/mpmradio.com\/fr\/wp-json\/wp\/v2\/users\/1"}],"replies":[{"embeddable":true,"href":"https:\/\/mpmradio.com\/fr\/wp-json\/wp\/v2\/comments?post=10274"}],"version-history":[{"count":7,"href":"https:\/\/mpmradio.com\/fr\/wp-json\/wp\/v2\/pages\/10274\/revisions"}],"predecessor-version":[{"id":10727,"href":"https:\/\/mpmradio.com\/fr\/wp-json\/wp\/v2\/pages\/10274\/revisions\/10727"}],"wp:attachment":[{"href":"https:\/\/mpmradio.com\/fr\/wp-json\/wp\/v2\/media?parent=10274"}],"curies":[{"name":"wp","href":"https:\/\/api.w.org\/{rel}","templated":true}]}}

À propos de nous

<div data-elementor-type="wp-page" data-elementor-id="10274" class="elementor elementor-10274" data-elementor-post-type="page">
				<div class="elementor-element elementor-element-f0aa79e e-flex e-con-boxed e-con e-parent" data-id="f0aa79e" data-element_type="container" data-e-type="container">
					<div class="e-con-inner">
				<div class="elementor-element elementor-element-eecfa4f elementor-widget elementor-widget-text-editor" data-id="eecfa4f" data-element_type="widget" data-e-type="widget" data-widget_type="text-editor.default">
				<div class="elementor-widget-container">
									<p>Musique Promo Médias est Multiculturelle, la plate-forme où les marginalisés, les voix, les autres points de vue et partagée des valeurs progressistes, sont mises au premier plan par le biais de la musique et de la culture. nous essayons où l&#039;on peut donner de la voix progressif des artistes et des personnalités culturelles qui lutte contre les inégalités sous toutes ses formes.</p>								</div>
				</div>
				<div class="elementor-element elementor-element-b4a2447 elementor-widget elementor-widget-text-editor" data-id="b4a2447" data-element_type="widget" data-e-type="widget" data-widget_type="text-editor.default">
				<div class="elementor-widget-container">
									<p>Nous avons été vitrine des sous-cultures et des histoires de partout dans le monde et régulièrement diffusée à travers le monde. Nos partenaires, WeTransfer, l&#039;aide de la puissance de la plate-forme, et leur énoncé de mission est enraciné dans la même ambition que les nôtres, afin d&#039;explorer et de relier l&#039;évolution de la diversité mondiale de la créativité. Notre ensemble de l&#039;organisation comprend Brownswood Recordings et de l&#039;Avenir Bubblers, et nos valeurs communes de respect, de tolérance et d&#039;intégration sont détaillées ci-dessous. Musique Promo Media prend en charge la Musique Noire de la Coalition et leur liste de revendications/points d&#039;action et ont également signé l&#039;progressive de l&#039;Égalité Dans l&#039;Audio pacte.</p>								</div>
				</div>
				<div class="elementor-element elementor-element-f1669ec elementor-widget elementor-widget-text-editor" data-id="f1669ec" data-element_type="widget" data-e-type="widget" data-widget_type="text-editor.default">
				<div class="elementor-widget-container">
									<p><strong>Ce Que Nous Croyons</strong></p>								</div>
				</div>
				<div class="elementor-element elementor-element-dfbd304 elementor-widget elementor-widget-text-editor" data-id="dfbd304" data-element_type="widget" data-e-type="widget" data-widget_type="text-editor.default">
				<div class="elementor-widget-container">
									<p>Musique Promo Médias se sont engagés à jouer un rôle en aidant à créer un monde plus juste et plus égalitaire de la société. Nous voulons un monde sans discrimination d&#039;aucune sorte et où chaque personne est en mesure d&#039;atteindre leur plein potentiel. Nous croyons que nous avons un rôle à jouer dans ce processus et nous sommes engagés à le faire. Nous nous engageons également à la création d&#039;un environnement de travail où notre personnel et les animateurs se sentent à l&#039;aise, sont pris en charge et ont permis d&#039;améliorer et de développer leurs compétences.</p>								</div>
				</div>
				<div class="elementor-element elementor-element-8170f38 elementor-widget elementor-widget-text-editor" data-id="8170f38" data-element_type="widget" data-e-type="widget" data-widget_type="text-editor.default">
				<div class="elementor-widget-container">
									<p>Nous avons besoin d&#039;être compris de nos perspectives et nos pratiques, et de faire appel à une main-d&#039;œuvre diversifiée. Nous ferons tout ce que nous pouvons faire en sorte que notre travail, et les gens qui le font sont parfaitement représentatifs de la richesse, de la profondeur et de la diversité de la musique dans lequel nous évoluons. Nous nous considérons comme les dépositaires d&#039;un patrimoine culturel riche, que nous avons beaucoup de valeur et de respect, et vous voulez mettre en lumière pour le monde.</p>								</div>
				</div>
				<div class="elementor-element elementor-element-5cd6e46 elementor-widget elementor-widget-text-editor" data-id="5cd6e46" data-element_type="widget" data-e-type="widget" data-widget_type="text-editor.default">
				<div class="elementor-widget-container">
									<p>Nous croyons que l&#039;industrie de la musique dans lequel nous évoluons a un problème avec l&#039;inclusion. Nous voulons travailler de concert avec d&#039;autres organisations afin d&#039;améliorer cette situation et offrir plus de possibilités à un groupe plus large de personnes.</p>								</div>
				</div>
				<div class="elementor-element elementor-element-9456c94 elementor-widget elementor-widget-text-editor" data-id="9456c94" data-element_type="widget" data-e-type="widget" data-widget_type="text-editor.default">
				<div class="elementor-widget-container">
									<p>Nous croyons dans l&#039;évaluation de nos progrès et d&#039;être transparent sur le travail que nous avons à faire.</p>								</div>
				</div>
					</div>
				</div>
				</div>
