{"id":10113,"date":"2024-10-11T15:45:52","date_gmt":"2024-10-11T15:45:52","guid":{"rendered":"https:\/\/mpmradio.com\/?post_type=members&#038;p=10113"},"modified":"2025-07-14T10:51:48","modified_gmt":"2025-07-14T14:51:48","slug":"shakira","status":"publish","type":"members","link":"https:\/\/mpmradio.com\/fr\/artist\/shakira\/","title":{"rendered":"Shakira"},"content":{"rendered":"<p>Shakira Isabel Mebarak Ripoll, est connu mononymously Shakira, est un Colombien-Am\u00e9ricain, chanteur et auteur-compositeur. N\u00e9 et \u00e9lev\u00e9 \u00e0 Barranquilla, elle a \u00e9t\u00e9 appel\u00e9e la \u201cReine de la Musique latine\u201d et a \u00e9t\u00e9 salu\u00e9 pour son \u00e9clectisme musical. Elle fait ses d\u00e9buts d&#039;enregistrement avec Sony Music, en Colombie, \u00e0 l&#039;\u00e2ge de 13 ans.<\/p>","protected":false},"featured_media":10114,"menu_order":0,"template":"","class_list":["post-10113","members","type-members","status-publish","has-post-thumbnail","hentry","membertype-singer"],"aioseo_notices":[],"_links":{"self":[{"href":"https:\/\/mpmradio.com\/fr\/wp-json\/wp\/v2\/members\/10113","targetHints":{"allow":["GET"]}}],"collection":[{"href":"https:\/\/mpmradio.com\/fr\/wp-json\/wp\/v2\/members"}],"about":[{"href":"https:\/\/mpmradio.com\/fr\/wp-json\/wp\/v2\/types\/members"}],"version-history":[{"count":2,"href":"https:\/\/mpmradio.com\/fr\/wp-json\/wp\/v2\/members\/10113\/revisions"}],"predecessor-version":[{"id":10143,"href":"https:\/\/mpmradio.com\/fr\/wp-json\/wp\/v2\/members\/10113\/revisions\/10143"}],"wp:featuredmedia":[{"embeddable":true,"href":"https:\/\/mpmradio.com\/fr\/wp-json\/wp\/v2\/media\/10114"}],"wp:attachment":[{"href":"https:\/\/mpmradio.com\/fr\/wp-json\/wp\/v2\/media?parent=10113"}],"curies":[{"name":"wp","href":"https:\/\/api.w.org\/{rel}","templated":true}]}}

<p>Shakira Isabel Mebarak Ripoll, est connu mononymously Shakira, est un Colombien-Américain, chanteur et auteur-compositeur. Né et élevé à Barranquilla, elle a été appelée la “Reine de la Musique latine” et a été salué pour son éclectisme musical. Elle fait ses débuts d&#039;enregistrement avec Sony Music, en Colombie, à l&#039;âge de 13 ans.</p>
