{"id":10098,"date":"2024-10-11T15:21:18","date_gmt":"2024-10-11T15:21:18","guid":{"rendered":"https:\/\/mpmradio.com\/?post_type=members&#038;p=10098"},"modified":"2025-07-14T10:54:07","modified_gmt":"2025-07-14T14:54:07","slug":"oswald","status":"publish","type":"members","link":"https:\/\/mpmradio.com\/fr\/artist\/oswald\/","title":{"rendered":"oswald"},"content":{"rendered":"<p>Oswald origine Ha\u00eftienne n\u00e9 \u00e0 Saint-Martin, Oswald a \u00e9t\u00e9 passionn\u00e9 de musique depuis son plus jeune \u00e2ge. Marqu\u00e9 par la perte de ses parents \u00e0 l&#039;\u00e2ge de 13 ans, il a commenc\u00e9 \u00e0 \u00e9crire ses propres textes pour exprimer ses sentiments. En 2007, il a remport\u00e9 le \u201cLe D\u00e9fi Lyc\u00e9en\u201d de la concurrence \u00e0 la Guadeloupe.<\/p>","protected":false},"featured_media":10099,"menu_order":0,"template":"","class_list":["post-10098","members","type-members","status-publish","has-post-thumbnail","hentry","membertype-singer"],"aioseo_notices":[],"_links":{"self":[{"href":"https:\/\/mpmradio.com\/fr\/wp-json\/wp\/v2\/members\/10098","targetHints":{"allow":["GET"]}}],"collection":[{"href":"https:\/\/mpmradio.com\/fr\/wp-json\/wp\/v2\/members"}],"about":[{"href":"https:\/\/mpmradio.com\/fr\/wp-json\/wp\/v2\/types\/members"}],"version-history":[{"count":3,"href":"https:\/\/mpmradio.com\/fr\/wp-json\/wp\/v2\/members\/10098\/revisions"}],"predecessor-version":[{"id":10511,"href":"https:\/\/mpmradio.com\/fr\/wp-json\/wp\/v2\/members\/10098\/revisions\/10511"}],"wp:featuredmedia":[{"embeddable":true,"href":"https:\/\/mpmradio.com\/fr\/wp-json\/wp\/v2\/media\/10099"}],"wp:attachment":[{"href":"https:\/\/mpmradio.com\/fr\/wp-json\/wp\/v2\/media?parent=10098"}],"curies":[{"name":"wp","href":"https:\/\/api.w.org\/{rel}","templated":true}]}}

<p>Oswald origine Haïtienne né à Saint-Martin, Oswald a été passionné de musique depuis son plus jeune âge. Marqué par la perte de ses parents à l&#039;âge de 13 ans, il a commencé à écrire ses propres textes pour exprimer ses sentiments. En 2007, il a remporté le “Le Défi Lycéen” de la concurrence à la Guadeloupe.</p>
