{"id":10069,"date":"2024-10-10T17:32:45","date_gmt":"2024-10-10T17:32:45","guid":{"rendered":"https:\/\/mpmradio.com\/?post_type=members&#038;p=10069"},"modified":"2025-07-14T10:55:10","modified_gmt":"2025-07-14T14:55:10","slug":"arly-lariviere","status":"publish","type":"members","link":"https:\/\/mpmradio.com\/fr\/artist\/arly-lariviere\/","title":{"rendered":"Arly Larivi\u00e8re"},"content":{"rendered":"<p>Arly Larivi\u00e8re est un musicien Ha\u00eftien, compositeur et clavi\u00e9riste. Il est surtout connu comme chanteur et compositeur pour le Kompa bande de Nu-Look.<\/p>","protected":false},"featured_media":10070,"menu_order":0,"template":"","class_list":["post-10069","members","type-members","status-publish","has-post-thumbnail","hentry","membertype-singer"],"aioseo_notices":[],"_links":{"self":[{"href":"https:\/\/mpmradio.com\/fr\/wp-json\/wp\/v2\/members\/10069","targetHints":{"allow":["GET"]}}],"collection":[{"href":"https:\/\/mpmradio.com\/fr\/wp-json\/wp\/v2\/members"}],"about":[{"href":"https:\/\/mpmradio.com\/fr\/wp-json\/wp\/v2\/types\/members"}],"version-history":[{"count":1,"href":"https:\/\/mpmradio.com\/fr\/wp-json\/wp\/v2\/members\/10069\/revisions"}],"predecessor-version":[{"id":10071,"href":"https:\/\/mpmradio.com\/fr\/wp-json\/wp\/v2\/members\/10069\/revisions\/10071"}],"wp:featuredmedia":[{"embeddable":true,"href":"https:\/\/mpmradio.com\/fr\/wp-json\/wp\/v2\/media\/10070"}],"wp:attachment":[{"href":"https:\/\/mpmradio.com\/fr\/wp-json\/wp\/v2\/media?parent=10069"}],"curies":[{"name":"wp","href":"https:\/\/api.w.org\/{rel}","templated":true}]}}

Arly Larivière

<p>Arly Larivière est un musicien Haïtien, compositeur et claviériste. Il est surtout connu comme chanteur et compositeur pour le Kompa bande de Nu-Look.</p>
